{"id":16824,"date":"2024-04-03T14:21:30","date_gmt":"2024-04-03T12:21:30","guid":{"rendered":"https:\/\/forfoodies.se\/?post_type=restauranger&#038;p=16824"},"modified":"2024-04-04T16:54:18","modified_gmt":"2024-04-04T14:54:18","slug":"grano-beckasin","status":"publish","type":"restauranger","link":"https:\/\/forfoodies.se\/en\/restauranger\/grano-beckasin\/","title":{"rendered":"Gran\u00f6 Beckasin"},"content":{"rendered":"<p data-id=\"13c60ff\" data-element_type=\"widget\" data-widget_type=\"heading.default\">Vi samarbetar med traktens j\u00e4gare, b\u00f6nder, och b\u00e4rplockare f\u00f6r att du ska f\u00e5 ta del av allt det b\u00e4sta fr\u00e5n naturen h\u00e4r i V\u00e4sterbotten inland. Vi samarbetar \u00e4ven med bland annat lokala bagare \u2013 allt f\u00f6r att lyfta v\u00e5r by och de entrepren\u00f6rer som bor och verkar h\u00e4r.<\/p>\n<p>Med varsam hand och med h\u00e5llbarhet i fokus lagas v\u00e5r mat i k\u00f6ket h\u00e4r p\u00e5 Gran\u00f6 Beckasin. Vi vill att maten ska k\u00e4nnas rej\u00e4l och v\u00e4rmande, samt vara v\u00e4l f\u00f6rankrad i lokala traditioner d\u00e4r r\u00e5varor och rena smaker lyfts fram. S\u00e4songerna i V\u00e4sterbotten p\u00e5verkar utbudet av r\u00e5varor, vi f\u00f6ljer dessa som m\u00e4nniskor gjort i alla tider och erbjuder dig det som \u00e4r b\u00e4st just nu.<\/p>\n<p>Restaurangen \u00e4r KRAV-certifierad, vilket vi \u00e4r stolta \u00f6ver och v\u00e4rnar om. Vi v\u00e4ljer v\u00e5ra viner och andra drycker med omsorg och lyfter g\u00e4rna fram lokala producenter &amp; bryggerier.Hos oss m\u00f6ts traktens inv\u00e5nare, skogsarbetare och hotellg\u00e4ster fr\u00e5n hela v\u00e4rlden p\u00e5 det s\u00e4tt som m\u00e4nniskor alltid har m\u00f6tts: \u00f6ver en bit mat vid en eld. Varmt v\u00e4lkommen till oss.<\/p>","protected":false},"featured_media":0,"template":"","restaurangort":[267],"class_list":["post-16824","restauranger","type-restauranger","status-publish","hentry","restaurangort-smaka-pa-vindelalven"],"acf":{"restaurangadress":{"address":"V\u00e4stan\u00e5 15, Gran\u00f6, Sverige","lat":64.24739459999999,"lng":19.3061257,"zoom":18,"place_id":"ChIJ5TrgxgDze0YR45RS6CunEUo","name":"15","city":"Gran\u00f6","state":"V\u00e4sterbottens l\u00e4n","post_code":"922 95","country":"Sverige","country_short":"SE"},"restaurangadress_manuell":"V\u00e4stan\u00e5 15, 922 95 Gran\u00f6","telefonnummer":"0933-410 00","webbplats":"https:\/\/granobeckasin.com\/","logotyp":16829},"yoast_head":"<!-- This site is optimized with the Yoast SEO plugin v27.5 - https:\/\/yoast.com\/product\/yoast-seo-wordpress\/ -->\n<title>Gran\u00f6 Beckasin - forfoodies.se<\/title>\n<meta name=\"description\" content=\"Med varsam hand och med h\u00e5llbarhet i fokus lagas v\u00e5r mat i k\u00f6ket h\u00e4r p\u00e5 Gran\u00f6 Beckasin.\" \/>\n<meta name=\"robots\" content=\"index, follow, max-snippet:-1, max-image-preview:large, max-video-preview:-1\" \/>\n<link rel=\"canonical\" href=\"https:\/\/forfoodies.se\/en\/restauranger\/grano-beckasin\/\" \/>\n<meta property=\"og:locale\" content=\"en_GB\" \/>\n<meta property=\"og:type\" content=\"article\" \/>\n<meta property=\"og:title\" content=\"Gran\u00f6 Beckasin - forfoodies.se\" \/>\n<meta property=\"og:description\" content=\"Med varsam hand och med h\u00e5llbarhet i fokus lagas v\u00e5r mat i k\u00f6ket h\u00e4r p\u00e5 Gran\u00f6 Beckasin.\" \/>\n<meta property=\"og:url\" content=\"https:\/\/forfoodies.se\/en\/restauranger\/grano-beckasin\/\" \/>\n<meta property=\"og:site_name\" content=\"forfoodies.se\" \/>\n<meta property=\"article:publisher\" content=\"https:\/\/www.facebook.com\/forfoodies.se\/\" \/>\n<meta property=\"article:modified_time\" content=\"2024-04-04T14:54:18+00:00\" \/>\n<meta property=\"og:image\" content=\"https:\/\/forfoodies.se\/wp-content\/uploads\/grano_restaurangen-1024x672.png\" \/>\n\t<meta property=\"og:image:width\" content=\"1024\" \/>\n\t<meta property=\"og:image:height\" content=\"672\" \/>\n\t<meta property=\"og:image:type\" content=\"image\/png\" \/>\n<meta name=\"twitter:card\" content=\"summary_large_image\" \/>\n<meta name=\"twitter:label1\" content=\"Estimated reading time\" \/>\n\t<meta name=\"twitter:data1\" content=\"2 minutes\" \/>\n<script type=\"application\/ld+json\" class=\"yoast-schema-graph\">{\"@context\":\"https:\\\/\\\/schema.org\",\"@graph\":[{\"@type\":\"WebPage\",\"@id\":\"https:\\\/\\\/forfoodies.se\\\/restauranger\\\/grano-beckasin\\\/\",\"url\":\"https:\\\/\\\/forfoodies.se\\\/restauranger\\\/grano-beckasin\\\/\",\"name\":\"Gran\u00f6 Beckasin - forfoodies.se\",\"isPartOf\":{\"@id\":\"https:\\\/\\\/forfoodies.se\\\/en\\\/#website\"},\"datePublished\":\"2024-04-03T12:21:30+00:00\",\"dateModified\":\"2024-04-04T14:54:18+00:00\",\"description\":\"Med varsam hand och med h\u00e5llbarhet i fokus lagas v\u00e5r mat i k\u00f6ket h\u00e4r p\u00e5 Gran\u00f6 Beckasin.\",\"breadcrumb\":{\"@id\":\"https:\\\/\\\/forfoodies.se\\\/restauranger\\\/grano-beckasin\\\/#breadcrumb\"},\"inLanguage\":\"en-GB\",\"potentialAction\":[{\"@type\":\"ReadAction\",\"target\":[\"https:\\\/\\\/forfoodies.se\\\/restauranger\\\/grano-beckasin\\\/\"]}]},{\"@type\":\"BreadcrumbList\",\"@id\":\"https:\\\/\\\/forfoodies.se\\\/restauranger\\\/grano-beckasin\\\/#breadcrumb\",\"itemListElement\":[{\"@type\":\"ListItem\",\"position\":1,\"name\":\"Hem\",\"item\":\"https:\\\/\\\/forfoodies.se\\\/\"},{\"@type\":\"ListItem\",\"position\":2,\"name\":\"Restauranger\",\"item\":\"https:\\\/\\\/forfoodies.se\\\/en\\\/restauranger\\\/\"},{\"@type\":\"ListItem\",\"position\":3,\"name\":\"Gran\u00f6 Beckasin\"}]},{\"@type\":\"WebSite\",\"@id\":\"https:\\\/\\\/forfoodies.se\\\/en\\\/#website\",\"url\":\"https:\\\/\\\/forfoodies.se\\\/en\\\/\",\"name\":\"forfoodies.se\",\"description\":\"\",\"publisher\":{\"@id\":\"https:\\\/\\\/forfoodies.se\\\/en\\\/#organization\"},\"potentialAction\":[{\"@type\":\"SearchAction\",\"target\":{\"@type\":\"EntryPoint\",\"urlTemplate\":\"https:\\\/\\\/forfoodies.se\\\/en\\\/?s={search_term_string}\"},\"query-input\":{\"@type\":\"PropertyValueSpecification\",\"valueRequired\":true,\"valueName\":\"search_term_string\"}}],\"inLanguage\":\"en-GB\"},{\"@type\":\"Organization\",\"@id\":\"https:\\\/\\\/forfoodies.se\\\/en\\\/#organization\",\"name\":\"Forfoodies.se\",\"url\":\"https:\\\/\\\/forfoodies.se\\\/en\\\/\",\"logo\":{\"@type\":\"ImageObject\",\"inLanguage\":\"en-GB\",\"@id\":\"https:\\\/\\\/forfoodies.se\\\/en\\\/#\\\/schema\\\/logo\\\/image\\\/\",\"url\":\"https:\\\/\\\/forfoodies.se\\\/wp-content\\\/uploads\\\/ForFoodies_green.png\",\"contentUrl\":\"https:\\\/\\\/forfoodies.se\\\/wp-content\\\/uploads\\\/ForFoodies_green.png\",\"width\":114,\"height\":108,\"caption\":\"Forfoodies.se\"},\"image\":{\"@id\":\"https:\\\/\\\/forfoodies.se\\\/en\\\/#\\\/schema\\\/logo\\\/image\\\/\"},\"sameAs\":[\"https:\\\/\\\/www.facebook.com\\\/forfoodies.se\\\/\",\"https:\\\/\\\/www.instagram.com\\\/forfoodies.se\\\/\"]}]}<\/script>\n<!-- \/ Yoast SEO plugin. -->","yoast_head_json":{"title":"Gran\u00f6 Beckasin - forfoodies.se","description":"Med varsam hand och med h\u00e5llbarhet i fokus lagas v\u00e5r mat i k\u00f6ket h\u00e4r p\u00e5 Gran\u00f6 Beckasin.","robots":{"index":"index","follow":"follow","max-snippet":"max-snippet:-1","max-image-preview":"max-image-preview:large","max-video-preview":"max-video-preview:-1"},"canonical":"https:\/\/forfoodies.se\/en\/restauranger\/grano-beckasin\/","og_locale":"en_GB","og_type":"article","og_title":"Gran\u00f6 Beckasin - forfoodies.se","og_description":"Med varsam hand och med h\u00e5llbarhet i fokus lagas v\u00e5r mat i k\u00f6ket h\u00e4r p\u00e5 Gran\u00f6 Beckasin.","og_url":"https:\/\/forfoodies.se\/en\/restauranger\/grano-beckasin\/","og_site_name":"forfoodies.se","article_publisher":"https:\/\/www.facebook.com\/forfoodies.se\/","article_modified_time":"2024-04-04T14:54:18+00:00","og_image":[{"width":1024,"height":672,"url":"https:\/\/forfoodies.se\/wp-content\/uploads\/grano_restaurangen-1024x672.png","type":"image\/png"}],"twitter_card":"summary_large_image","twitter_misc":{"Estimated reading time":"2 minutes"},"schema":{"@context":"https:\/\/schema.org","@graph":[{"@type":"WebPage","@id":"https:\/\/forfoodies.se\/restauranger\/grano-beckasin\/","url":"https:\/\/forfoodies.se\/restauranger\/grano-beckasin\/","name":"Gran\u00f6 Beckasin - forfoodies.se","isPartOf":{"@id":"https:\/\/forfoodies.se\/en\/#website"},"datePublished":"2024-04-03T12:21:30+00:00","dateModified":"2024-04-04T14:54:18+00:00","description":"Med varsam hand och med h\u00e5llbarhet i fokus lagas v\u00e5r mat i k\u00f6ket h\u00e4r p\u00e5 Gran\u00f6 Beckasin.","breadcrumb":{"@id":"https:\/\/forfoodies.se\/restauranger\/grano-beckasin\/#breadcrumb"},"inLanguage":"en-GB","potentialAction":[{"@type":"ReadAction","target":["https:\/\/forfoodies.se\/restauranger\/grano-beckasin\/"]}]},{"@type":"BreadcrumbList","@id":"https:\/\/forfoodies.se\/restauranger\/grano-beckasin\/#breadcrumb","itemListElement":[{"@type":"ListItem","position":1,"name":"Hem","item":"https:\/\/forfoodies.se\/"},{"@type":"ListItem","position":2,"name":"Restauranger","item":"https:\/\/forfoodies.se\/en\/restauranger\/"},{"@type":"ListItem","position":3,"name":"Gran\u00f6 Beckasin"}]},{"@type":"WebSite","@id":"https:\/\/forfoodies.se\/en\/#website","url":"https:\/\/forfoodies.se\/en\/","name":"forfoodies.se","description":"","publisher":{"@id":"https:\/\/forfoodies.se\/en\/#organization"},"potentialAction":[{"@type":"SearchAction","target":{"@type":"EntryPoint","urlTemplate":"https:\/\/forfoodies.se\/en\/?s={search_term_string}"},"query-input":{"@type":"PropertyValueSpecification","valueRequired":true,"valueName":"search_term_string"}}],"inLanguage":"en-GB"},{"@type":"Organization","@id":"https:\/\/forfoodies.se\/en\/#organization","name":"Forfoodies.se","url":"https:\/\/forfoodies.se\/en\/","logo":{"@type":"ImageObject","inLanguage":"en-GB","@id":"https:\/\/forfoodies.se\/en\/#\/schema\/logo\/image\/","url":"https:\/\/forfoodies.se\/wp-content\/uploads\/ForFoodies_green.png","contentUrl":"https:\/\/forfoodies.se\/wp-content\/uploads\/ForFoodies_green.png","width":114,"height":108,"caption":"Forfoodies.se"},"image":{"@id":"https:\/\/forfoodies.se\/en\/#\/schema\/logo\/image\/"},"sameAs":["https:\/\/www.facebook.com\/forfoodies.se\/","https:\/\/www.instagram.com\/forfoodies.se\/"]}]}},"_links":{"self":[{"href":"https:\/\/forfoodies.se\/en\/wp-json\/wp\/v2\/restauranger\/16824","targetHints":{"allow":["GET"]}}],"collection":[{"href":"https:\/\/forfoodies.se\/en\/wp-json\/wp\/v2\/restauranger"}],"about":[{"href":"https:\/\/forfoodies.se\/en\/wp-json\/wp\/v2\/types\/restauranger"}],"wp:attachment":[{"href":"https:\/\/forfoodies.se\/en\/wp-json\/wp\/v2\/media?parent=16824"}],"wp:term":[{"taxonomy":"restaurangort","embeddable":true,"href":"https:\/\/forfoodies.se\/en\/wp-json\/wp\/v2\/restaurangort?post=16824"}],"curies":[{"name":"wp","href":"https:\/\/api.w.org\/{rel}","templated":true}]}}

Granö Beckasin

<p data-id="13c60ff" data-element_type="widget" data-widget_type="heading.default">Vi samarbetar med traktens jägare, bönder, och bärplockare för att du ska få ta del av allt det bästa från naturen här i Västerbotten inland. Vi samarbetar även med bland annat lokala bagare – allt för att lyfta vår by och de entreprenörer som bor och verkar här.</p>
<p>Med varsam hand och med hållbarhet i fokus lagas vår mat i köket här på Granö Beckasin. Vi vill att maten ska kännas rejäl och värmande, samt vara väl förankrad i lokala traditioner där råvaror och rena smaker lyfts fram. Säsongerna i Västerbotten påverkar utbudet av råvaror, vi följer dessa som människor gjort i alla tider och erbjuder dig det som är bäst just nu.</p>
<p>Restaurangen är KRAV-certifierad, vilket vi är stolta över och värnar om. Vi väljer våra viner och andra drycker med omsorg och lyfter gärna fram lokala producenter &amp; bryggerier.Hos oss möts traktens invånare, skogsarbetare och hotellgäster från hela världen på det sätt som människor alltid har mötts: över en bit mat vid en eld. Varmt välkommen till oss.</p>

Västanå 15, Granö, Sverige

Granö

Västerbottens län

Västanå 15, 922 95 Granö

<!-- This site is optimized with the Yoast SEO plugin v27.5 - https://yoast.com/product/yoast-seo-wordpress/ -->
<title>Granö Beckasin - forfoodies.se</title>
<meta name="description" content="Med varsam hand och med hållbarhet i fokus lagas vår mat i köket här på Granö Beckasin." />
<meta name="robots" content="index, follow, max-snippet:-1, max-image-preview:large, max-video-preview:-1" />
<link rel="canonical" href="https://forfoodies.se/en/restauranger/grano-beckasin/" />
<meta property="og:locale" content="en_GB" />
<meta property="og:type" content="article" />
<meta property="og:title" content="Granö Beckasin - forfoodies.se" />
<meta property="og:description" content="Med varsam hand och med hållbarhet i fokus lagas vår mat i köket här på Granö Beckasin." />
<meta property="og:url" content="https://forfoodies.se/en/restauranger/grano-beckasin/" />
<meta property="og:site_name" content="forfoodies.se" />
<meta property="article:publisher" content="https://www.facebook.com/forfoodies.se/" />
<meta property="article:modified_time" content="2024-04-04T14:54:18+00:00" />
<meta property="og:image" content="https://forfoodies.se/wp-content/uploads/grano_restaurangen-1024x672.png" />
	<meta property="og:image:width" content="1024" />
	<meta property="og:image:height" content="672" />
	<meta property="og:image:type" content="image/png" />
<meta name="twitter:card" content="summary_large_image" />
<meta name="twitter:label1" content="Estimated reading time" />
	<meta name="twitter:data1" content="2 minutes" />
<script type="application/ld+json" class="yoast-schema-graph">{"@context":"https:\/\/schema.org","@graph":[{"@type":"WebPage","@id":"https:\/\/forfoodies.se\/restauranger\/grano-beckasin\/","url":"https:\/\/forfoodies.se\/restauranger\/grano-beckasin\/","name":"Granö Beckasin - forfoodies.se","isPartOf":{"@id":"https:\/\/forfoodies.se\/en\/#website"},"datePublished":"2024-04-03T12:21:30+00:00","dateModified":"2024-04-04T14:54:18+00:00","description":"Med varsam hand och med hållbarhet i fokus lagas vår mat i köket här på Granö Beckasin.","breadcrumb":{"@id":"https:\/\/forfoodies.se\/restauranger\/grano-beckasin\/#breadcrumb"},"inLanguage":"en-GB","potentialAction":[{"@type":"ReadAction","target":["https:\/\/forfoodies.se\/restauranger\/grano-beckasin\/"]}]},{"@type":"BreadcrumbList","@id":"https:\/\/forfoodies.se\/restauranger\/grano-beckasin\/#breadcrumb","itemListElement":[{"@type":"ListItem","position":1,"name":"Hem","item":"https:\/\/forfoodies.se\/"},{"@type":"ListItem","position":2,"name":"Restauranger","item":"https:\/\/forfoodies.se\/en\/restauranger\/"},{"@type":"ListItem","position":3,"name":"Granö Beckasin"}]},{"@type":"WebSite","@id":"https:\/\/forfoodies.se\/en\/#website","url":"https:\/\/forfoodies.se\/en\/","name":"forfoodies.se","description":"","publisher":{"@id":"https:\/\/forfoodies.se\/en\/#organization"},"potentialAction":[{"@type":"SearchAction","target":{"@type":"EntryPoint","urlTemplate":"https:\/\/forfoodies.se\/en\/?s={search_term_string}"},"query-input":{"@type":"PropertyValueSpecification","valueRequired":true,"valueName":"search_term_string"}}],"inLanguage":"en-GB"},{"@type":"Organization","@id":"https:\/\/forfoodies.se\/en\/#organization","name":"Forfoodies.se","url":"https:\/\/forfoodies.se\/en\/","logo":{"@type":"ImageObject","inLanguage":"en-GB","@id":"https:\/\/forfoodies.se\/en\/#\/schema\/logo\/image\/","url":"https:\/\/forfoodies.se\/wp-content\/uploads\/ForFoodies_green.png","contentUrl":"https:\/\/forfoodies.se\/wp-content\/uploads\/ForFoodies_green.png","width":114,"height":108,"caption":"Forfoodies.se"},"image":{"@id":"https:\/\/forfoodies.se\/en\/#\/schema\/logo\/image\/"},"sameAs":["https:\/\/www.facebook.com\/forfoodies.se\/","https:\/\/www.instagram.com\/forfoodies.se\/"]}]}</script>
<!-- / Yoast SEO plugin. -->

Granö Beckasin - forfoodies.se

Med varsam hand och med hållbarhet i fokus lagas vår mat i köket här på Granö Beckasin.
